(g) = 9*g + 9. What is n(-4)?
-27
Let m(b) = b**2 - 47*b - 221. Calculate m(-4).
-17
Let x(q) = -5*q + 36. Calculate x(7).
1
Let m(b) = -b**2 + 6*b + 13. Calculate m(6).
13
Let d(x) = x**3 - 4*x**2 - 4*x + 5. Determine d(5).
10
Let v(h) = h**3 + 4*h**2 - h + 5. Calculate v(-4).
9
Let s(v) = -3*v**3 - 7*v**2 - 6*v + 1. Give s(-2).
9
Let q(b) = b**2 - 6*b + 1. Determine q(7).
8
Let o(i) = -10*i + 16. Determine o(6).
-44
Let h(d) = -8*d + 84. Give h(11).
-4
Let l(a) = a + 10. Give l(0).
10
Let f(n) = 6*n**2 + 165*n + 33. Calculate f(-27).
-48
Let d(p) = 3*p**2 - 3*p - 8. Determine d(-2).
10
Let s(p) = -2*p**3 - 8*p**2 - 4*p - 7. Give s(-5).
63
Let g(r) = r**2 - 22*r + 4. Give g(19).
-53
Let b(w) = -2*w + 15. Determine b(8).
-1
Let s(u) = 6*u**3 - u + 1. Calculate s(-2).
-45
Let f(k) = -k**2 + 3*k + 3. What is f(7)?
-25
Let i(h) = 11*h - 83. Give i(8).
5
Let z(c) = -c**3 - 5*c**2 - 4*c - 2. Calculate z(-3).
-8
Let a(n) = 5*n + 31. Determine a(7).
66
Let a(g) = -g**2 - 2*g + 6. Calculate a(-5).
-9
Let y(r) = -r**2 - 7*r - 11. Determine y(-6).
-5
Let t(o) = -2*o**2 + 5. What is t(3)?
-13
Let d(o) = -o**2 - 30*o - 218. Calculate d(-19).
-9
Let s(u) = -u**3 - 9*u**2 + 12*u + 7. Calculate s(-7).
-175
Let z(k) = 3*k + 80. Give z(-24).
8
Let n(k) = 5*k - 170. Determine n(34).
0
Let h(j) = -j**3 - 11*j**2 + 14*j - 8. Give h(-12).
-32
Let a(r) = 73*r + 427. What is a(-6)?
-11
Let o(g) = -g + 1. What is o(3)?
-2
Let p(u) = 30*u + 3. Calculate p(-2).
-57
Let k(s) = s - 12. What is k(12)?
0
Let h(y) = -y**3 - 11*y**2 + 4*y + 34. Calculate h(-11).
-10
Let q(o) = -o**2 + 37*o - 251. Give q(11).
35
Let s(b) = b**3 - 11*b**2 - 14*b + 17. Calculate s(12).
-7
Let h(a) = -3*a - 6. Give h(5).
-21
Let z(t) = 6*t**2 - 8*t - 10. Determine z(-4).
118
Let p(f) = -13*f + 6. What is p(3)?
-33
Let t(q) = -q**2 + 12*q - 35. What is t(10)?
-15
Let a(r) = -r**3 - 9*r**2 - 9*r - 10. Determine a(-8).
-2
Let i(z) = 10*z + 2. Give i(-1).
-8
Let x(k) = 12*k - 44. What is x(5)?
16
Let p(j) = j + 19. Determine p(-17).
2
Let i(t) = -t**3 - 3*t**2 - 2*t + 8. Give i(-3).
14
Let p(l) = -2*l**3 + 4*l**2 - 5*l + 3. What is p(3)?
-30
Let b(d) = -d**2 - 11*d - 17. What is b(-9)?
1
Let a(u) = -u**2 + 6*u - 14. Determine a(11).
-69
Let q(r) = -21*r - 5. Calculate q(-2).
37
Let o(h) = 5*h**2 - 3*h - 11. Give o(-2).
15
Let d(l) = -24*l - 391. Determine d(-16).
-7
Let l(c) = -71*c**2 - 3*c - 1. Determine l(-1).
-69
Let z(k) = 8*k - 56. Give z(7).
0
Let p(l) = -l**3 - 52*l**2 + 57*l + 217. Determine p(-53).
5
Let i(k) = 5*k**2 - 31*k - 28. Calculate i(7).
0
Let l(n) = 2*n**3 + 7*n**2 + 7*n + 7. Determine l(-3).
-5
Let d(u) = u**3 + 7*u**2 - 8*u - 4. Determine d(-8).
-4
Let j(o) = o**3 - 2*o**2 + 9. Determine j(0).
9
Let r(c) = -c**3 + 10*c**2 - 18*c + 18. Calculate r(8).
2
Let t(a) = a**2 - 6*a + 13. What is t(8)?
29
Let x(l) = l**2 + 12*l + 7. Calculate x(-12).
7
Let r(d) = 3*d + 32. Give r(0).
32
Let y(n) = 20*n**2 + 5*n + 3. Determine y(-1).
18
Let n(a) = -6*a + 142. What is n(24)?
-2
Let t(u) = -8*u + 5. Calculate t(2).
-11
Let z(y) = -y**3 - 16*y**2 - 2*y - 18. Give z(-16).
14
Let w(k) = -18*k**2 - 70*k + 6. Determine w(-4).
-2
Let c(i) = i**3 - 7*i**2 + 14*i. Give c(4).
8
Let u(w) = -w**3 - 3*w. Give u(-3).
36
Let d(c) = c**2 - c + 3. Calculate d(0).
3
Let d(v) = 12*v - 6. Give d(6).
66
Let j(p) = p**2 - p + 12. Determine j(0).
12
Let m(j) = -5*j + 3. What is m(4)?
-17
Let p(q) = q**3 + 6*q**2 + 2*q + 2. What is p(-5)?
17
Let a(k) = -6*k + 18. What is a(8)?
-30
Let d(h) = -11*h - 31. Calculate d(-3).
2
Let r(a) = -2*a**2 - 24*a + 12. Determine r(-12).
12
Let b(y) = 6*y + 21. Determine b(-8).
-27
Let q(v) = 29*v - 223. Determine q(8).
9
Let d(o) = -6*o + 16. Give d(-4).
40
Let n(w) = -3*w + 18. Give n(7).
-3
Let s(a) = a**3 - a - 3. Calculate s(2).
3
Let v(f) = -f**2 + 3*f + 4. Determine v(0).
4
Let j(a) = a**3 + 5*a**2 - a + 22. Give j(-6).
-8
Let r(g) = g**3 + 3*g**2 + 3*g - 4. Determine r(-4).
-32
Let i(m) = -m**2 + 2*m + 45. Determine i(0).
45
Let r(g) = -3*g + 24. Determine r(11).
-9
Let d(g) = g**2 - 24*g - 47. Give d(26).
5
Let k(w) = -w**3 - 22*w**2 + 2*w + 29. Give k(-22).
-15
Let u(z) = z**3 + 12*z**2 - 12*z + 14. What is u(-13)?
1
Let w(g) = -g**3 - 3*g**2 + 30*g + 108. Determine w(-5).
8
Let g(q) = -3*q**3 + 56*q**2 + 17*q + 36. Give g(19).
-2
Let k(c) = 2*c**3 + 3*c**2 - 4*c + 1. Determine k(-3).
-14
Let o(x) = -24*x - 33. What is o(-2)?
15
Let o(r) = -8*r**2 + 3*r - 1. What is o(1)?
-6
Let v(u) = -u**2 + 31. What is v(7)?
-18
Let l(w) = 33*w + 38. Give l(-1).
5
Let k(a) = 5*a - 24. Determine k(4).
-4
Let v(d) = -d**2 + 4*d - 3. What is v(5)?
-8
Let r(v) = v**2 - 19*v - 19. Give r(17).
-53
Let b(y) = -y**2 + 11*y - 22. Calculate b(6).
8
Let z(l) = 7*l**2 + 357*l - 6. Determine z(-51).
-6
Let r(k) = k - 6. What is r(7)?
1
Let w(i) = 8*i - 15. Calculate w(2).
1
Let h(q) = -q**3 + 12*q**2 + 3*q - 15. Determine h(12).
21
Let g(s) = s**3 - 17*s**2 - 19*s + 17. Give g(18).
-1
Let n(m) = m**3 + 11*m**2 + m + 10. Calculate n(-11).
-1
Let h(p) = p**3 - 6*p**2 + 16. Calculate h(6).
16
Let y(q) = 8*q**2 + 3*q - 12. Determine y(4).
128
Let w(z) = -3*z**2 - 14*z - 8. Give w(-4).
0
Let d(x) = x**3 + 8*x**2 - 8. Give d(-6).
64
Let i(k) = -k**2 - k + 23. Calculate i(0).
23
Let z(m) = 2*m**2 + 3*m - 4. What is z(-3)?
5
Let g(p) = -3*p + 2. Calculate g(-3).
11
Let r(o) = -o**2 + o + 8. Give r(5).
-12
Let x(c) = c**2 + 2*c - 81. What is x(8)?
-1
Let n(i) = i**3 - 11*i**2 + 11*i - 11. What is n(10)?
-1
Let f(g) = -2*g**2 + 31*g - 27. What is f(15)?
-12
Let l(v) = -17*v + 270. Determine l(16).
-2
Let p(x) = 2*x - 12. Calculate p(6).
0
Let k(s) = 2*s + 25. Give k(-11).
3
Let c(v) = -8*v + 182. Give c(30).
-58
Let p(j) = 2*j**2 - j - 10. What is p(0)?
-10
Let w(h) = 18*h - 825. What is w(46)?
3
Let f(g) = -6*g + 56. What is f(16)?
-40
Let y(s) = -s**2 - 9*s + 24. Give y(-10).
14
Let m(i) = -i**3 + 5*i**2 + i + 1. Determine m(2).
15
Let c(r) = r**3 + 8*r**2 - 11*r - 22. Calculate c(-9).
-4
Let i(q) = q**2 + 8*q + 8. Determine i(-8).
8
Let u(c) = c**2 + 10*c + 11. Give u(-6).
-13
Let w(f) = f**3 + 31*f**2 + 29*f - 23. Determine w(-30).
7
Let c(v) = 23*v + 667. What is c(-29)?
0
Let k(d) = 3*d**2 + 2*d + 2. Give k(3).
35
Let z(m) = -m**2 + 3*m - 21. Calculate z(9).
-75
Let d(p) = -p**3 - 12*p**2 + 7*p + 2. Give d(-12).
-82
Let f(d) = -4*d - 36. What is f(-5)?
-16
Let p(d) = -d**3 + 7*d**2 + 6*d + 11. What is p(8)?
-5
Let k(r) = -7*r - 13. Calculate k(-9).
50
Let c(a) = 10*a - 92. Determine c(9).
-2
Let t(p) = p + 3. What is t(8)?
11
Let j(w) = -6*w - 99. Calculate j(-18).
9
Let i(n) = -n**2 + 4*n + 14. Calculate i(7).
-7
Let m(h) = -h**2 + 13*h - 6. What is m(10)?
24
Let i(h) = -21*h - 27. Give i(-2).
15
Let c(k) = -k**3 - 5*k**2 - 6*k - 1. Calculate c(-4).
7
Let x(n) = 3*n**2 - 55*n + 13. Calculate x(18).
-5
Let p(q) = -q + 1. Determine p(15).
-14
Let a(j) = -5*j - 35. What is a(-18)?
55
Let h(o) = -o**2 + 73*o + 303. Determine h(77).
-5
Let m(n) = n**2 - 10*n - 37. Give m(13).
2
Let y(l) = l**3 - 2*l**2 - 2*l - 5. Give y(0).
-5
Let r(q) = q + 1. Calculate r(1).
2
Let r(o) = 3*o. Give r(-7).
-21
Let m(v) = v**3 + 9*v**2 - 10*v - 7. Determine m(-10).
-7
Let i(c) = 8*c - 28. What is i(-6)?
-76
Let f(p) = p**3 - 11*p**2 + 8*p + 9. Determine f(10).
-11
Let m(n) = -n**3 + 4*n**2 - 7*n + 6. Determine m(3).
-6
Let u(r) = r**3 - 7*r**2 + 7*r + 8. What is u(6)?
14
Let o(z) = -9*z**3 + z**2 + 2*z + 1. What is o(-1)?
9
Let z(v) = -17*v + 93. Determine z(7).
-26
Let i(k) = k**2 + 7*k - 8. Determine i(-5).
-18
Let m(h) = h**3 + 2*h**2 + 2*h - 2. Give m(-2).
-6
Let r(q) = -q**3 - 2*q**2 + 3*q + 5. Give r(-2).
-1
Let m(p) = -p**3 - 33*p**2 - 62*p - 12. Calculate m(-31).
-12
Let s(c) = -c**3 - 7*c**2 + 8*c - 3. Calculate s(-8).
-3
Let k(p) = p**3 - 15*p**2 - 5*p - 26. Calculate k(15).
-101
Let w(u) = -u**2 - 3*u + 40. Calculate w(-8).
0
Let z(m) = m**2 + 3*m + 4. Give z(3).
22
Let b(z) = -z**2 - 2*z + 5. Determine b(4).
-19
Let x(b) = 29*b - 18. What is x(3)?
69
Let g(m) = -m**2 - 52*m - 676. Calculate g(-25).
-1
Let u(z) = 20*z - 143. Give u(6).
-23
Let w(l) = l**3 + 4*l**2 - 15*l - 10. Calculate w(-6).
8
Let k(a) = -a**2 + 7*a + 9. Give k(8).
1
Let d(l) = l**2 + 7*l - 11. Give d(-10).
19
Let v(q) = -q**3 - 6*q**2 